e remainder when y is divided by k(5)?
22
Let a = 57 + -49. Calculate the remainder when 62 is divided by a.
6
Suppose 0 = 3*u - 18 - 36. Let g = u + -10. Suppose 0 = -2*j - 2*f - 15 + 85, 0 = j + 3*f - 45. What is the remainder when j is divided by g?
6
Let n(g) = -g**3 + 7*g**2 + g - 9. Let f be n(7). Calculate the remainder when 15 is divided by 1*6 + 0 - f.
7
Suppose -11 = -2*b + 13. Calculate the remainder when (-2 + 39/2)*2 is divided by b.
11
Suppose 5*h - 90 = -0*h. Suppose -i + 2 = -0. What is the remainder when h is divided by i/(-5) - (-111)/15?
4
Let h = -103 - -144. What is the remainder when 121 is divided by h?
39
Suppose 4*f = q + q + 250, f - 123 = q. Let g = 233 + q. Let w = 167 - g. What is the remainder when w is divided by 19?
17
Let n(j) = -1 + 4*j + 0 + 3*j + 3*j. What is the remainder when 35 is divided by n(1)?
8
Let r(s) = 12*s**2 - 1. Let t = 0 + -1. Suppose 4*d + a - 85 = -0*a, 5*a - 110 = -5*d. What is the remainder when d is divided by r(t)?
10
Let f = -51 + 77. What is the remainder when 102 is divided by f?
24
Let i(y) = -y**2 - 4*y + 2. Let s(d) = 2*d**3 - 3*d**2 + 3*d - 2. Suppose j + 0 = 2. What is the remainder when s(j) is divided by i(-3)?
3
Let n(w) = -w - 2. Let i be n(-6). Let r be (0/9)/(1 + 0). Suppose r = t + 2 - i. Calculate the remainder when 2 is divided by t.
0
Let g = 27 + 8. Calculate the remainder when g is divided by 19.
16
Suppose z - 9 = -2*z. Let l be -2 - (-102)/((-9)/z). Let u = 70 + l. What is the remainder when u is divided by 18?
16
Suppose -2*g = -3*z + 20, 2*z = 5*g - g. Let p(d) = z + d - 5*d + 0*d. What is the remainder when p(-7) is divided by 13?
12
Suppose -78 + 8 = -2*b. Suppose 9*j = 4*j + b. What is the remainder when 19 is divided by j?
5
Let n(m) = -63*m + 13. Let v(o) = 16*o - 3. Let i(c) = 2*n(c) + 9*v(c). Calculate the remainder when i(3) is divided by 18.
17
What is the remainder when 65 is divided by ((-77)/(-14))/((-2)/(-8))?
21
Let i = -16 + 34. Let b be (-18)/(-30) - (-82)/5. Let x = -7 + b. Calculate the remainder when i is divided by x.
8
Let j = -11 + 10. Let o(i) = 18*i**2 + 1. Calculate the remainder when 55 is divided by o(j).
17
Let n = 91 - 53. Calculate the remainder when 149 is divided by n.
35
Let d = 207 - 160. Let t = -1 - -1. Let z(c) = c**2 + c + 16. Calculate the remainder when d is divided by z(t).
15
What is the remainder when 404/5 + (-1)/(-5) is divided by 28?
25
Let l be (-3 + 6)/(3/(-2)). Let z = 3 + l. Suppose 4*b + 44 = h, 7 = -2*b - z. Calculate the remainder when h is divided by 15.
13
Let a(h) = h**3 - 8*h**2 + 11*h + 8. Let o be a(6). What is the remainder when 54 is divided by 3*(o + -1) + 16?
16
Let w(q) = 2*q - 3. Let z = -6 - -9. Calculate the remainder when w(z) is divided by (-8)/(-2) + -1*(5 - 3).
1
Let y(r) = 2*r**2 - 2*r - 9. Calculate the remainder when 40 is divided by y(-3).
10
Let f = -2 + 6. Suppose -f*q + 12 = 0, -4*b + 5*q - q = -52. What is the remainder when 63 is divided by b?
15
Let m be 35/14 + 3/2. Suppose 0 = 3*g + m*z - 151, 3*g - 4*z - 184 + 17 = 0. Calculate the remainder when g is divided by 11.
9
Let p = -4 - -14. What is the remainder when (-147)/14*(-16)/6 is divided by p?
8
Let v be (-9 + 4)*(-24)/10. Suppose 12 + v = 4*g. What is the remainder when 23 is divided by (-4)/g + (-76)/(-6)?
11
Suppose c - 161 = 2*d - 3*d, 2*d - 636 = -4*c. What is the remainder when c is divided by 40?
37
Let i be 2 + -1 + 73 + -1. Let n = i + -5. Let s = n - 45. Calculate the remainder when s is divided by 12.
11
Let h be 7 - 9 - (-40)/2. Suppose -88 = -5*n - h. Calculate the remainder when 26 is divided by n.
12
Suppose 0 = -4*d + 3*z + 52, -2*d + d + 5*z = -30. Calculate the remainder when d is divided by 6.
4
Let r(p) = p**3 - 11*p**2 + 10*p + 6. What is the remainder when 21 is divided by r(10)?
3
Let f = -35 - -74. What is the remainder when f is divided by 11?
6
Suppose 5*a = 7*a + 8. What is the remainder when 7 is divided by (10/4)/((-2)/a)?
2
Let q(k) = -k**3 - 8*k**2 - 11*k + 4. Let i be q(-8). Suppose -3*a = -i - 31. What is the remainder when a is divided by 14?
13
Let c(r) = -71*r + 11. Calculate the remainder when c(-1) is divided by 14.
12
Suppose 0*m - 4*b - 342 = -2*m, 2*m - 3*b = 347. What is the remainder when m is divided by 13?
12
Let h(p) = -p**3 - 8*p**2 - 7*p - 2. Let b be h(-7). Let f be 1*b*1 - 103. Calculate the remainder when (f/6)/((-2)/4) is divided by 12.
11
Suppose -2*i + 16 = 2*i. Suppose i = 3*f + 7. What is the remainder when 23 is divided by 9 + f*2 + 1?
7
Let j(g) = -g**3 - 5*g**2 + 10*g + 1. Let w be j(-7). Suppose 5*x = -u + 10, 5*x = 5*u + 9 - w. Suppose u + 2 = l. What is the remainder when l is divided by 4?
3
Let l(w) = 3*w**2 + 6*w - 4. Calculate the remainder when l(-5) is divided by 11.
8
Let y(v) = 3*v**2. Let i be y(1). Suppose 0*x - 93 = -i*x. Calculate the remainder when x is divided by 8.
7
Let u = 2 + 0. Suppose -40 = -6*x + u*x. Calculate the remainder when 29 is divided by x.
9
Calculate the remainder when 82 is divided by (2/6)/(2 + (-664)/336).
12
Suppose 0 = 4*w + 5*h - 280, -w + 97 = 2*h + 24. What is the remainder when 256 is divided by w?
61
Let q = 2 - -17. Calculate the remainder when 34 is divided by q.
15
Let i = 35 - 20. Let q = i - 3. What is the remainder when 35 is divided by q?
11
Suppose 0 = -3*j + 20 + 187. What is the remainder when j is divided by 18?
15
Let m(r) = r + 1. Let s be m(0). Suppose 3*h - 4*d + 2 - s = 0, h - 3 = -2*d. What is the remainder when h is divided by 1?
0
Let i = 11 - 11. Suppose i = -5*k + 4*k + 38. Calculate the remainder when k is divided by 13.
12
Let t(l) = -l**3 - 6*l**2 + 6*l + 8. Calculate the remainder when 57 is divided by t(-7).
12
Let t = -26 - -58. Let f = -81 + 98. What is the remainder when t is divided by f?
15
Let m = 31 - 20. Calculate the remainder when 21 is divided by m.
10
Suppose -5*t + 8 = -17. Suppose 0 = 5*f + 25, -f - 2 = -t*a + 13. What is the remainder when 5 is divided by a?
1
Let i = 0 - -3. Suppose x - 1 = i. Let f = 12 + x. Calculate the remainder when f is divided by 6.
4
Suppose -9*w + 7*w = -244. Calculate the remainder when w is divided by 41.
40
Suppose -13 = 5*o - 3, 4*f - o = 90. Let c(b) = b**2 + 10*b - 6. Let r be c(-11). Suppose 9 = r*i - 31. What is the remainder when f is divided by i?
6
Let d(n) = 2*n + 12. Let g be d(-5). Suppose -212 = -4*p - 3*i, -3*p + 159 = 3*i - g*i. Calculate the remainder when p is divided by 14.
11
Let h(n) = 7*n + 53. Calculate the remainder when h(5) is divided by 45.
43
Let q(h) = h + 11. Suppose -20 = -5*d, -6 - 2 = -k - 4*d. Calculate the remainder when 7 is divided by q(k).
1
Suppose 0 = 3*u + 5*n - 40, -4*n + 59 - 14 = 5*u. What is the remainder when 6 is divided by u?
1
Suppose -34 = 3*y - 130. Calculate the remainder when 126 is divided by y.
30
Suppose -i - g = -5*i + 11, 5*i - g = 15. Suppose -59 - 109 = i*r. What is the remainder when 6/(3*(-3)/r) is divided by 15?
13
Suppose -d + 12 = 4*d + 4*r, d + 2 = -3*r. Let i(j) = 3*j - 3. Calculate the remainder when i(4) is divided by d.
1
Suppose -l - 66 = -2*l. What is the remainder when l is divided by 17?
15
Let f(g) = -g**2 - 2*g + 6. Let x be f(-3). Calculate the remainder when -2 + -1*58/(-2) is divided by 4/(-2) + x - -14.
12
Suppose 0 = a - 1 - 12. Calculate the remainder when a is divided by 7.
6
Let b(m) = -3*m - 2. What is the remainder when ((-1 + 5)/2)/(130/1235) is divided by b(-4)?
9
Let x(d) = 5*d. Let y be x(1). Suppose -2*r + 1 = y. What is the remainder when (-17 - (-1 - 2))*r is divided by 10?
8
Let r = 21 - 13. What is the remainder when 61 is divided by r?
5
Suppose 0 = -26*c + 33*c - 1498. What is the remainder when c is divided by 54?
52
Let i(w) = -18*w**3 - 2*w**2 + 1. What is the remainder when i(-1) is divided by 5?
2
Let r = -29 - -36. Let a(m) = 2*m - 3. Calculate the remainder when r is divided by a(3).
1
Let s = -7 - 5. Let n be (1/(2/s))/1. Let c = n - -16. Calculate the remainder when c is divided by 6.
4
Calculate the remainder when (13 - 0)*(-2 - -5) is divided by 8.
7
Let h = 218 - 133. Suppose -q = -6*q + h. Calculate the remainder when q is divided by 5.
2
Let w(j) = -j + 9. Calculate the remainder when w(-13) is divided by 12.
10
Suppose -9*i = -14*i + 260. Calcu